{"id":3159,"date":"2018-05-22T22:23:10","date_gmt":"2018-05-22T20:23:10","guid":{"rendered":"https:\/\/blog.ociomodell.com\/wordpress\/politica-de-privacidad\/"},"modified":"2025-05-29T17:10:50","modified_gmt":"2025-05-29T15:10:50","slug":"politica-de-privacidad","status":"publish","type":"page","link":"https:\/\/blog.ociomodell.com\/wordpress\/politica-de-privacidad\/","title":{"rendered":"Pol\u00edtica Privacidad"},"content":{"rendered":"<div id=\"clickdatos\">\n<p>En cumplimiento de lo establecido en la RGPD, le informamos que sus datos ser\u00e1n tratados en nuestros ficheros, con la finalidad del mantenimiento y cumplimiento de la relaci\u00f3n con nuestra entidad, incluyendo el env\u00edo de comunicaciones en el marco de la citada relaci\u00f3n.<\/p>\n<p>As\u00ed mismo, sus datos ser\u00e1n cedidos en todos aquellos casos en que sea necesario para el desarrollo, cumplimiento y control de la relaci\u00f3n con nuestra entidad o en los supuestos en que lo autorice una norma con rango de ley. En cumplimiento de la RGPD puede ejercitar sus derechos ARCO ante <strong>Ociomodell.com<\/strong>, con direcci\u00f3n en <strong>Valle de Zuriza n\u00ba 19, 50015 &#8211; Zaragoza<\/strong>, adjuntando fotocopia de su DNI.<\/p>\n<p>El contenido de esta comunicaci\u00f3n, as\u00ed como el de toda la documentaci\u00f3n anexa, est\u00e1 sujeta al deber de secreto y va dirigida \u00fanicamente a su destinatario. En el supuesto de que usted no fuera el destinatario, le solicitamos que nos lo indique y no comunique su contenido a terceros, procediendo a su destrucci\u00f3n.<\/p>\n<p>El prestador de servicios de la sociedad de la informaci\u00f3n deber\u00e1 tener en cuenta que, adem\u00e1s de la informaci\u00f3n que facilite a los destinatarios del servicio a trav\u00e9s de su \u201cPol\u00edtica de Privacidad\u201d, deber\u00e1 disponer de textos legales adicionales relativos a otras normativas de obligado cumplimiento, tales como, sin car\u00e1cter limitativo o excluyente, condiciones generales de la contrataci\u00f3n, propiedad intelectual e industrial, condiciones de utilizaci\u00f3n de la p\u00e1gina web y responsabilidades al respecto, o lo que la propia Ley 34\/2002, de 11 de julio, de Servicios de la Sociedad de la Informaci\u00f3n y de Comercio Electr\u00f3nico pueda establecer en cualesquiera otros preceptos al margen de su art\u00edculo 10 o incluso completar la informaci\u00f3n que, en relaci\u00f3n a \u00e9ste, fuese necesaria.<\/p>\n<\/div>\n","protected":false},"excerpt":{"rendered":"<p>En cumplimiento de lo establecido en la RGPD, le informamos que sus datos ser\u00e1n tratados en nuestros ficheros, con la finalidad del mantenimiento y cumplimiento de la relaci\u00f3n con nuestra [&hellip;]<\/p>\n","protected":false},"author":2,"featured_media":0,"parent":0,"menu_order":1,"comment_status":"closed","ping_status":"closed","template":"","meta":{"jetpack_post_was_ever_published":false,"footnotes":"","_links_to":"","_links_to_target":""},"class_list":["post-3159","page","type-page","status-publish","hentry"],"jetpack_sharing_enabled":true,"jetpack_likes_enabled":true,"jetpack-related-posts":[{"id":3158,"url":"https:\/\/blog.ociomodell.com\/wordpress\/politica-de-privacidad\/avisos-legales\/","url_meta":{"origin":3159,"position":0},"title":"Avisos Legales","author":"Paco Gomez","date":"22 mayo, 2018","format":false,"excerpt":"El presente Aviso Legal regula las condiciones generales de acceso y utilizaci\u00f3n del sitio web accesible en la direcci\u00f3n URL https:\/\/blog.ociomodell.com\/wordpress (en adelante, el sitio web), que Ociomodell.com pone a disposici\u00f3n de los usuarios de Internet. La utilizaci\u00f3n del sitio web implica la aceptaci\u00f3n plena y sin reservas de todas\u2026","rel":"","context":"En \u00abavisos\u00bb","block_context":{"text":"avisos","link":"https:\/\/blog.ociomodell.com\/wordpress\/tag\/avisos\/"},"img":{"alt_text":"","src":"","width":0,"height":0},"classes":[]},{"id":28,"url":"https:\/\/blog.ociomodell.com\/wordpress\/politica-de-privacidad\/politica-de-cookies_2\/","url_meta":{"origin":3159,"position":1},"title":"Pol\u00edtica de cookies","author":"ociomodell","date":"22 marzo, 2016","format":false,"excerpt":"La presente pol\u00edtica de cookies tiene por finalidad informarle de manera clara y precisa sobre las cookies que se utilizan en la p\u00e1gina web de Blog.ociomodell.com. \u00bfQu\u00e9 son las cookies? Una cookie es un peque\u00f1o fragmento de texto que los sitios web que visita env\u00edan al navegador y que permite\u2026","rel":"","context":"En \u00abcookies\u00bb","block_context":{"text":"cookies","link":"https:\/\/blog.ociomodell.com\/wordpress\/tag\/cookies\/"},"img":{"alt_text":"","src":"","width":0,"height":0},"classes":[]},{"id":32,"url":"https:\/\/blog.ociomodell.com\/wordpress\/ociomodell-com\/","url_meta":{"origin":3159,"position":2},"title":"Quien somos?","author":"ociomodell","date":"22 marzo, 2016","format":false,"excerpt":"Queremos compartir con ustedes nuestra nueva empresa Ociomodell especializada en todo tipo de art\u00edculos para modelismo tanto est\u00e1tico como din\u00e1mico, localizado en Zaragoza. Tenemos gran experiencia dentro del sector en otro tipo de hobby consolidado su funcionamiento y en donde estamos trabajando desde el 2009. Sobre esta base estamos aplicando\u2026","rel":"","context":"En \u00abociomodellcom\u00bb","block_context":{"text":"ociomodellcom","link":"https:\/\/blog.ociomodell.com\/wordpress\/tag\/ociomodellcom\/"},"img":{"alt_text":"","src":"https:\/\/i0.wp.com\/blog.ociomodell.com\/wordpress\/wp-content\/uploads\/2016\/03\/ociomodell_avion.jpg?resize=350%2C200&ssl=1","width":350,"height":200,"srcset":"https:\/\/i0.wp.com\/blog.ociomodell.com\/wordpress\/wp-content\/uploads\/2016\/03\/ociomodell_avion.jpg?resize=350%2C200&ssl=1 1x, https:\/\/i0.wp.com\/blog.ociomodell.com\/wordpress\/wp-content\/uploads\/2016\/03\/ociomodell_avion.jpg?resize=525%2C300&ssl=1 1.5x, https:\/\/i0.wp.com\/blog.ociomodell.com\/wordpress\/wp-content\/uploads\/2016\/03\/ociomodell_avion.jpg?resize=700%2C400&ssl=1 2x"},"classes":[]},{"id":1157,"url":"https:\/\/blog.ociomodell.com\/wordpress\/mis-casitas-de-munecas\/mis-casitas\/","url_meta":{"origin":3159,"position":3},"title":"Mis casitas de mu\u00f1ecas..","author":"Paco Gomez","date":"29 marzo, 2017","format":false,"excerpt":"Las casas de mu\u00f1ecas crean la ilusi\u00f3n de la recreaci\u00f3n de un mundo de fantas\u00eda al alcance de nuestra mano. Nuestra casita es nuestra casa ideal en miniatura, nuestro sal\u00f3n de juegos que moldeamos y construimos a nuestro gusto. La gran variedad de complementos, marcas y soluciones crean un sinf\u00edn\u2026","rel":"","context":"En \u00abcasitas\u00bb","block_context":{"text":"casitas","link":"https:\/\/blog.ociomodell.com\/wordpress\/tag\/casitas\/"},"img":{"alt_text":"Casita de mu\u00f1ecas de Marimar - Ociomodell.com","src":"https:\/\/i0.wp.com\/blog.ociomodell.com\/wordpress\/wp-content\/uploads\/2017\/03\/Marimar_5-1024x760.jpeg?resize=350%2C200&ssl=1","width":350,"height":200,"srcset":"https:\/\/i0.wp.com\/blog.ociomodell.com\/wordpress\/wp-content\/uploads\/2017\/03\/Marimar_5-1024x760.jpeg?resize=350%2C200&ssl=1 1x, https:\/\/i0.wp.com\/blog.ociomodell.com\/wordpress\/wp-content\/uploads\/2017\/03\/Marimar_5-1024x760.jpeg?resize=525%2C300&ssl=1 1.5x, https:\/\/i0.wp.com\/blog.ociomodell.com\/wordpress\/wp-content\/uploads\/2017\/03\/Marimar_5-1024x760.jpeg?resize=700%2C400&ssl=1 2x, https:\/\/i0.wp.com\/blog.ociomodell.com\/wordpress\/wp-content\/uploads\/2017\/03\/Marimar_5-1024x760.jpeg?resize=1050%2C600&ssl=1 3x, https:\/\/i0.wp.com\/blog.ociomodell.com\/wordpress\/wp-content\/uploads\/2017\/03\/Marimar_5-1024x760.jpeg?resize=1400%2C800&ssl=1 4x"},"classes":[]},{"id":8213,"url":"https:\/\/blog.ociomodell.com\/wordpress\/clients\/demostraciones-de-paso-a-paso-de-realizacion-de-diversas-tecnicas\/premium-color-pintura-para-aerografo\/","url_meta":{"origin":3159,"position":4},"title":"Premium color &#8211; pintura para aer\u00f3grafo &#8211; Vallejo","author":"Paco Gomez","date":"26 agosto, 2023","format":false,"excerpt":"Premium Color es una pintura para aer\u00f3grafo a base de agua, vers\u00e1til y adecuada para todas superficies, especialmente formulada para una \u00f3ptima adherencia en metales, fibra de vidrio, polietileno, policarbonato Lexan, slot y carrocer\u00edas de radio control. Los colores son id\u00f3neos para pintar cascos, dep\u00f3sitos de motos, autom\u00f3viles (tuning) etc.\u2026","rel":"","context":"Entrada similar","block_context":{"text":"Entrada similar","link":""},"img":{"alt_text":"Vallejo - Premium_Color","src":"https:\/\/i0.wp.com\/blog.ociomodell.com\/wordpress\/wp-content\/uploads\/2023\/08\/vallejo-CC081-Premium_Color-Rev08-baja.jpg?resize=350%2C200&ssl=1","width":350,"height":200},"classes":[]}],"jetpack_shortlink":"https:\/\/wp.me\/P7mZwQ-OX","_links":{"self":[{"href":"https:\/\/blog.ociomodell.com\/wordpress\/wp-json\/wp\/v2\/pages\/3159","targetHints":{"allow":["GET"]}}],"collection":[{"href":"https:\/\/blog.ociomodell.com\/wordpress\/wp-json\/wp\/v2\/pages"}],"about":[{"href":"https:\/\/blog.ociomodell.com\/wordpress\/wp-json\/wp\/v2\/types\/page"}],"author":[{"embeddable":true,"href":"https:\/\/blog.ociomodell.com\/wordpress\/wp-json\/wp\/v2\/users\/2"}],"replies":[{"embeddable":true,"href":"https:\/\/blog.ociomodell.com\/wordpress\/wp-json\/wp\/v2\/comments?post=3159"}],"version-history":[{"count":0,"href":"https:\/\/blog.ociomodell.com\/wordpress\/wp-json\/wp\/v2\/pages\/3159\/revisions"}],"wp:attachment":[{"href":"https:\/\/blog.ociomodell.com\/wordpress\/wp-json\/wp\/v2\/media?parent=3159"}],"curies":[{"name":"wp","href":"https:\/\/api.w.org\/{rel}","templated":true}]}}