{"id":41,"date":"2016-03-23T13:19:06","date_gmt":"2016-03-23T13:19:06","guid":{"rendered":"http:\/\/blog.ociomodell.com\/?page_id=41"},"modified":"2024-01-09T10:01:02","modified_gmt":"2024-01-09T09:01:02","slug":"catalogos","status":"publish","type":"page","link":"https:\/\/blog.ociomodell.com\/wordpress\/catalogos\/","title":{"rendered":"Cat\u00e1logos"},"content":{"rendered":"<h3 style=\"text-align: center;\"><a href=\"https:\/\/blog.ociomodell.com\/wordpress\/catalogos\/catalogos-2024\/\" target=\"_blank\" rel=\"noopener\">Cat\u00e1logos 2024<\/a><\/h3>\n<h3 style=\"text-align: center;\"><a href=\"https:\/\/blog.ociomodell.com\/wordpress\/catalogos\/catalogos-2023\/\" target=\"_blank\" rel=\"noopener\">Cat\u00e1logos 2023<\/a><\/h3>\n<h3 style=\"text-align: center;\"><a href=\"https:\/\/blog.ociomodell.com\/wordpress\/catalogos\/catalogos-2022\/\" target=\"_blank\" rel=\"noopener\">Cat\u00e1logos 2022<\/a><\/h3>\n<h3 style=\"text-align: center;\"><a href=\"https:\/\/blog.ociomodell.com\/wordpress\/catalogos\/catalogo-2020\/\" target=\"_blank\" rel=\"noopener noreferrer\">Cat\u00e1logos 2020<\/a><\/h3>\n<h3 style=\"text-align: center;\"><a href=\"https:\/\/blog.ociomodell.com\/wordpress\/catalogos\/catalogos-2019\/\" target=\"_blank\" rel=\"noopener noreferrer\">Cat\u00e1logos 2019<\/a><\/h3>\n<h3 style=\"text-align: center;\"><a href=\"https:\/\/blog.ociomodell.com\/wordpress\/catalogos\/catalogos-2018\/\">Cat\u00e1logos 2018<\/a><\/h3>\n<h3 style=\"text-align: center;\"><a href=\"https:\/\/blog.ociomodell.com\/wordpress\/catalogos\/catalogos-2017\/\">Cat\u00e1logos 2017<\/a><\/h3>\n<h3 style=\"text-align: center;\"><a href=\"https:\/\/blog.ociomodell.com\/wordpress\/catalogos\/catalogos-2016\/\" target=\"_blank\" rel=\"noopener noreferrer\">Cat\u00e1logos 2016<\/a><\/h3>\n<h3 style=\"text-align: center;\"><a href=\"https:\/\/blog.ociomodell.com\/wordpress\/catalogos\/catalogos-2015\/\" target=\"_blank\" rel=\"noopener noreferrer\">Cat\u00e1logos 2015<\/a><\/h3>\n<h3 style=\"text-align: center;\"><a href=\"https:\/\/blog.ociomodell.com\/wordpress\/catalogos\/catalogos-varios\/\">Cat\u00e1logos varios<\/a><\/h3>\n","protected":false},"excerpt":{"rendered":"<p>Cat\u00e1logos 2024 Cat\u00e1logos 2023 Cat\u00e1logos 2022 Cat\u00e1logos 2020 Cat\u00e1logos 2019 Cat\u00e1logos 2018 Cat\u00e1logos 2017 Cat\u00e1logos 2016 Cat\u00e1logos 2015 Cat\u00e1logos varios<\/p>\n","protected":false},"author":3,"featured_media":0,"parent":0,"menu_order":2,"comment_status":"closed","ping_status":"closed","template":"","meta":{"jetpack_post_was_ever_published":false,"footnotes":"","_links_to":"","_links_to_target":""},"class_list":["post-41","page","type-page","status-publish","hentry"],"jetpack_sharing_enabled":true,"jetpack_likes_enabled":true,"jetpack-related-posts":[{"id":4586,"url":"https:\/\/blog.ociomodell.com\/wordpress\/catalogos\/catalogos-2019\/","url_meta":{"origin":41,"position":0},"title":"Cat\u00e1logos 2019","author":"Paco Gomez","date":"23 enero, 2019","format":false,"excerpt":"\u00a0","rel":"","context":"En \u00abautom\u00e1tico\u00bb","block_context":{"text":"autom\u00e1tico","link":"https:\/\/blog.ociomodell.com\/wordpress\/tag\/automatico\/"},"img":{"alt_text":"AMMO \u2013 Cat\u00e1logo 2019 de Ammo","src":"https:\/\/i0.wp.com\/blog.ociomodell.com\/wordpress\/wp-content\/uploads\/2019\/02\/AMMO-catalogue_2019_redu-212x300.png?resize=350%2C200&ssl=1","width":350,"height":200},"classes":[]},{"id":3535,"url":"https:\/\/blog.ociomodell.com\/wordpress\/catalogos\/catalogos-2017\/","url_meta":{"origin":41,"position":1},"title":"Cat\u00e1logos 2017","author":"Paco Gomez","date":"17 junio, 2018","format":false,"excerpt":"Ir a cat\u00e1logos del 2018 \u00a0 \u00a0 \u00a0","rel":"","context":"En \u00ab2017\u00bb","block_context":{"text":"2017","link":"https:\/\/blog.ociomodell.com\/wordpress\/tag\/2017\/"},"img":{"alt_text":"Disarmodel - Cat\u00e1logo novedades 2017","src":"https:\/\/i0.wp.com\/blog.ociomodell.com\/wordpress\/wp-content\/uploads\/2019\/01\/Disarmodel_2017_redu-292x300.png?resize=350%2C200&ssl=1","width":350,"height":200},"classes":[]},{"id":3550,"url":"https:\/\/blog.ociomodell.com\/wordpress\/catalogos\/catalogos-varios\/","url_meta":{"origin":41,"position":2},"title":"Cat\u00e1logos Varios","author":"Paco Gomez","date":"17 junio, 2018","format":false,"excerpt":"Ir a Cat\u00e1logos 2018 \u00a0 \u00a0 Real colors by AK \u00a0","rel":"","context":"En \u00abcat\u00e1logos\u00bb","block_context":{"text":"cat\u00e1logos","link":"https:\/\/blog.ociomodell.com\/wordpress\/tag\/catalogos\/"},"img":{"alt_text":"Tabla conversi\u00f3n Acr\u00edlicos Italeri - Ociomodell.com","src":"https:\/\/i0.wp.com\/blog.ociomodell.com\/wordpress\/wp-content\/uploads\/2018\/01\/ItaleriAcrylicPaint-Conversion-Chart.jpg?resize=350%2C200&ssl=1","width":350,"height":200,"srcset":"https:\/\/i0.wp.com\/blog.ociomodell.com\/wordpress\/wp-content\/uploads\/2018\/01\/ItaleriAcrylicPaint-Conversion-Chart.jpg?resize=350%2C200&ssl=1 1x, https:\/\/i0.wp.com\/blog.ociomodell.com\/wordpress\/wp-content\/uploads\/2018\/01\/ItaleriAcrylicPaint-Conversion-Chart.jpg?resize=525%2C300&ssl=1 1.5x, https:\/\/i0.wp.com\/blog.ociomodell.com\/wordpress\/wp-content\/uploads\/2018\/01\/ItaleriAcrylicPaint-Conversion-Chart.jpg?resize=700%2C400&ssl=1 2x, https:\/\/i0.wp.com\/blog.ociomodell.com\/wordpress\/wp-content\/uploads\/2018\/01\/ItaleriAcrylicPaint-Conversion-Chart.jpg?resize=1050%2C600&ssl=1 3x, https:\/\/i0.wp.com\/blog.ociomodell.com\/wordpress\/wp-content\/uploads\/2018\/01\/ItaleriAcrylicPaint-Conversion-Chart.jpg?resize=1400%2C800&ssl=1 4x"},"classes":[]},{"id":3497,"url":"https:\/\/blog.ociomodell.com\/wordpress\/catalogos\/catalogos-2018\/","url_meta":{"origin":41,"position":3},"title":"Cat\u00e1logos 2018","author":"Paco Gomez","date":"17 junio, 2018","format":false,"excerpt":"Ir a Cat\u00e1logos \u00a0 \u00a0 \u00a0 \u00a0","rel":"","context":"En \u00ab2018\u00bb","block_context":{"text":"2018","link":"https:\/\/blog.ociomodell.com\/wordpress\/tag\/2018\/"},"img":{"alt_text":"AMMO - Cat\u00e1logo 2018 de Ammo","src":"https:\/\/i0.wp.com\/blog.ociomodell.com\/wordpress\/wp-content\/uploads\/2019\/01\/AMMO-catalogue_2018_redu-211x300.png?resize=350%2C200&ssl=1","width":350,"height":200},"classes":[]},{"id":7056,"url":"https:\/\/blog.ociomodell.com\/wordpress\/catalogos\/catalogos-2022\/","url_meta":{"origin":41,"position":4},"title":"Cat\u00e1logos 2022","author":"Paco Gomez","date":"9 febrero, 2022","format":false,"excerpt":"Secci\u00f3n Nuevos Cat\u00e1logos 2022 \u00a0 \u00a0","rel":"","context":"Entrada similar","block_context":{"text":"Entrada similar","link":""},"img":{"alt_text":"Cat\u00e1logo de novedades 2022 - TAMIYA - ITALIERI - EBBRO - DRAGON - ZVEZDA - SCALEXTRIC","src":"https:\/\/i0.wp.com\/blog.ociomodell.com\/wordpress\/wp-content\/uploads\/2022\/02\/Tamiya-300x213.jpg?resize=350%2C200&ssl=1","width":350,"height":200},"classes":[]},{"id":9766,"url":"https:\/\/blog.ociomodell.com\/wordpress\/catalogos\/catalogos-2024\/","url_meta":{"origin":41,"position":5},"title":"Cat\u00e1logos 2024","author":"Paco Gomez","date":"9 enero, 2024","format":false,"excerpt":"\u00a0 \u00a0 \u00a0 \u00a0 \u00a0 \u00a0 \u00a0 \u00a0","rel":"","context":"Entrada similar","block_context":{"text":"Entrada similar","link":""},"img":{"alt_text":"Tabla de conversi\u00f3n de colores realizada por Ammo mig","src":"https:\/\/i0.wp.com\/blog.ociomodell.com\/wordpress\/wp-content\/uploads\/2024\/01\/acrylic-colors-conversion-chart-208x300.jpg?resize=350%2C200&ssl=1","width":350,"height":200},"classes":[]}],"jetpack_shortlink":"https:\/\/wp.me\/P7mZwQ-F","_links":{"self":[{"href":"https:\/\/blog.ociomodell.com\/wordpress\/wp-json\/wp\/v2\/pages\/41","targetHints":{"allow":["GET"]}}],"collection":[{"href":"https:\/\/blog.ociomodell.com\/wordpress\/wp-json\/wp\/v2\/pages"}],"about":[{"href":"https:\/\/blog.ociomodell.com\/wordpress\/wp-json\/wp\/v2\/types\/page"}],"author":[{"embeddable":true,"href":"https:\/\/blog.ociomodell.com\/wordpress\/wp-json\/wp\/v2\/users\/3"}],"replies":[{"embeddable":true,"href":"https:\/\/blog.ociomodell.com\/wordpress\/wp-json\/wp\/v2\/comments?post=41"}],"version-history":[{"count":0,"href":"https:\/\/blog.ociomodell.com\/wordpress\/wp-json\/wp\/v2\/pages\/41\/revisions"}],"wp:attachment":[{"href":"https:\/\/blog.ociomodell.com\/wordpress\/wp-json\/wp\/v2\/media?parent=41"}],"curies":[{"name":"wp","href":"https:\/\/api.w.org\/{rel}","templated":true}]}}