{"id":6715,"date":"2021-10-07T12:02:53","date_gmt":"2021-10-07T11:02:53","guid":{"rendered":"https:\/\/blog.ociomodell.com\/wordpress\/?page_id=6715"},"modified":"2021-10-07T12:23:24","modified_gmt":"2021-10-07T11:23:24","slug":"fotos-taller-11oct21","status":"publish","type":"page","link":"https:\/\/blog.ociomodell.com\/wordpress\/mis-casitas-de-munecas\/fotografias-de-actividades\/fotos-taller-11oct21\/","title":{"rendered":"FOTOS TALER 11OCT21"},"content":{"rendered":"<p><img loading=\"lazy\" decoding=\"async\" data-attachment-id=\"6597\" data-permalink=\"https:\/\/blog.ociomodell.com\/wordpress\/fotos-del-taller-de-aerografia-11-09-21\/imagen_de_viber_2021-09-14_21-57-01-601\/\" data-orig-file=\"https:\/\/blog.ociomodell.com\/wordpress\/wp-content\/uploads\/2021\/09\/imagen_de_viber_2021-09-14_21-57-01-601.jpg\" data-orig-size=\"800,600\" data-comments-opened=\"1\" data-image-meta=\"{&quot;aperture&quot;:&quot;0&quot;,&quot;credit&quot;:&quot;&quot;,&quot;camera&quot;:&quot;&quot;,&quot;caption&quot;:&quot;&quot;,&quot;created_timestamp&quot;:&quot;0&quot;,&quot;copyright&quot;:&quot;&quot;,&quot;focal_length&quot;:&quot;0&quot;,&quot;iso&quot;:&quot;0&quot;,&quot;shutter_speed&quot;:&quot;0&quot;,&quot;title&quot;:&quot;&quot;,&quot;orientation&quot;:&quot;0&quot;}\" data-image-title=\"Fotos del Taller de aerograf\u00eda 11\/09\/21\" data-image-description=\"\" data-image-caption=\"\" data-large-file=\"https:\/\/blog.ociomodell.com\/wordpress\/wp-content\/uploads\/2021\/09\/imagen_de_viber_2021-09-14_21-57-01-601.jpg\" class=\"alignnone size-medium wp-image-6597\" src=\"https:\/\/blog.ociomodell.com\/wordpress\/wp-content\/uploads\/2021\/09\/imagen_de_viber_2021-09-14_21-57-01-601-300x225.jpg\" alt=\"Fotos del Taller de aerograf\u00eda 11\/09\/21\" width=\"300\" height=\"225\" title=\"\" srcset=\"https:\/\/blog.ociomodell.com\/wordpress\/wp-content\/uploads\/2021\/09\/imagen_de_viber_2021-09-14_21-57-01-601-300x225.jpg 300w, https:\/\/blog.ociomodell.com\/wordpress\/wp-content\/uploads\/2021\/09\/imagen_de_viber_2021-09-14_21-57-01-601-768x576.jpg 768w, https:\/\/blog.ociomodell.com\/wordpress\/wp-content\/uploads\/2021\/09\/imagen_de_viber_2021-09-14_21-57-01-601-250x188.jpg 250w, https:\/\/blog.ociomodell.com\/wordpress\/wp-content\/uploads\/2021\/09\/imagen_de_viber_2021-09-14_21-57-01-601.jpg 800w\" sizes=\"auto, (max-width: 300px) 100vw, 300px\" \/> <img loading=\"lazy\" decoding=\"async\" data-attachment-id=\"6596\" data-permalink=\"https:\/\/blog.ociomodell.com\/wordpress\/fotos-del-taller-de-aerografia-11-09-21\/imagen_de_viber_2021-09-14_21-57-01-473\/\" data-orig-file=\"https:\/\/blog.ociomodell.com\/wordpress\/wp-content\/uploads\/2021\/09\/imagen_de_viber_2021-09-14_21-57-01-473.jpg\" data-orig-size=\"800,600\" data-comments-opened=\"1\" data-image-meta=\"{&quot;aperture&quot;:&quot;0&quot;,&quot;credit&quot;:&quot;&quot;,&quot;camera&quot;:&quot;&quot;,&quot;caption&quot;:&quot;&quot;,&quot;created_timestamp&quot;:&quot;0&quot;,&quot;copyright&quot;:&quot;&quot;,&quot;focal_length&quot;:&quot;0&quot;,&quot;iso&quot;:&quot;0&quot;,&quot;shutter_speed&quot;:&quot;0&quot;,&quot;title&quot;:&quot;&quot;,&quot;orientation&quot;:&quot;0&quot;}\" data-image-title=\"Fotos del Taller de aerograf\u00eda 11\/09\/21\" data-image-description=\"\" data-image-caption=\"\" data-large-file=\"https:\/\/blog.ociomodell.com\/wordpress\/wp-content\/uploads\/2021\/09\/imagen_de_viber_2021-09-14_21-57-01-473.jpg\" class=\"alignnone size-medium wp-image-6596\" src=\"https:\/\/blog.ociomodell.com\/wordpress\/wp-content\/uploads\/2021\/09\/imagen_de_viber_2021-09-14_21-57-01-473-300x225.jpg\" alt=\"Fotos del Taller de aerograf\u00eda 11\/09\/21\" width=\"300\" height=\"225\" title=\"\" srcset=\"https:\/\/blog.ociomodell.com\/wordpress\/wp-content\/uploads\/2021\/09\/imagen_de_viber_2021-09-14_21-57-01-473-300x225.jpg 300w, https:\/\/blog.ociomodell.com\/wordpress\/wp-content\/uploads\/2021\/09\/imagen_de_viber_2021-09-14_21-57-01-473-768x576.jpg 768w, https:\/\/blog.ociomodell.com\/wordpress\/wp-content\/uploads\/2021\/09\/imagen_de_viber_2021-09-14_21-57-01-473-250x188.jpg 250w, https:\/\/blog.ociomodell.com\/wordpress\/wp-content\/uploads\/2021\/09\/imagen_de_viber_2021-09-14_21-57-01-473.jpg 800w\" sizes=\"auto, (max-width: 300px) 100vw, 300px\" \/> <img loading=\"lazy\" decoding=\"async\" data-attachment-id=\"6595\" data-permalink=\"https:\/\/blog.ociomodell.com\/wordpress\/fotos-del-taller-de-aerografia-11-09-21\/imagen_de_viber_2021-09-14_21-57-01-135\/\" data-orig-file=\"https:\/\/blog.ociomodell.com\/wordpress\/wp-content\/uploads\/2021\/09\/imagen_de_viber_2021-09-14_21-57-01-135.jpg\" data-orig-size=\"1600,1200\" data-comments-opened=\"1\" data-image-meta=\"{&quot;aperture&quot;:&quot;0&quot;,&quot;credit&quot;:&quot;&quot;,&quot;camera&quot;:&quot;&quot;,&quot;caption&quot;:&quot;&quot;,&quot;created_timestamp&quot;:&quot;0&quot;,&quot;copyright&quot;:&quot;&quot;,&quot;focal_length&quot;:&quot;0&quot;,&quot;iso&quot;:&quot;0&quot;,&quot;shutter_speed&quot;:&quot;0&quot;,&quot;title&quot;:&quot;&quot;,&quot;orientation&quot;:&quot;0&quot;}\" data-image-title=\"Fotos del Taller de aerograf\u00eda 11\/09\/21\" data-image-description=\"\" data-image-caption=\"\" data-large-file=\"https:\/\/blog.ociomodell.com\/wordpress\/wp-content\/uploads\/2021\/09\/imagen_de_viber_2021-09-14_21-57-01-135-1024x768.jpg\" class=\"alignnone size-medium wp-image-6595\" src=\"https:\/\/blog.ociomodell.com\/wordpress\/wp-content\/uploads\/2021\/09\/imagen_de_viber_2021-09-14_21-57-01-135-300x225.jpg\" alt=\"Fotos del Taller de aerograf\u00eda 11\/09\/21\" width=\"300\" height=\"225\" title=\"\" srcset=\"https:\/\/blog.ociomodell.com\/wordpress\/wp-content\/uploads\/2021\/09\/imagen_de_viber_2021-09-14_21-57-01-135-300x225.jpg 300w, https:\/\/blog.ociomodell.com\/wordpress\/wp-content\/uploads\/2021\/09\/imagen_de_viber_2021-09-14_21-57-01-135-1024x768.jpg 1024w, https:\/\/blog.ociomodell.com\/wordpress\/wp-content\/uploads\/2021\/09\/imagen_de_viber_2021-09-14_21-57-01-135-768x576.jpg 768w, https:\/\/blog.ociomodell.com\/wordpress\/wp-content\/uploads\/2021\/09\/imagen_de_viber_2021-09-14_21-57-01-135-1536x1152.jpg 1536w, https:\/\/blog.ociomodell.com\/wordpress\/wp-content\/uploads\/2021\/09\/imagen_de_viber_2021-09-14_21-57-01-135-250x188.jpg 250w, https:\/\/blog.ociomodell.com\/wordpress\/wp-content\/uploads\/2021\/09\/imagen_de_viber_2021-09-14_21-57-01-135.jpg 1600w\" sizes=\"auto, (max-width: 300px) 100vw, 300px\" \/> <img loading=\"lazy\" decoding=\"async\" data-attachment-id=\"6594\" data-permalink=\"https:\/\/blog.ociomodell.com\/wordpress\/fotos-del-taller-de-aerografia-11-09-21\/imagen_de_viber_2021-09-14_21-57-00-507\/\" data-orig-file=\"https:\/\/blog.ociomodell.com\/wordpress\/wp-content\/uploads\/2021\/09\/imagen_de_viber_2021-09-14_21-57-00-507.jpg\" data-orig-size=\"800,600\" data-comments-opened=\"1\" data-image-meta=\"{&quot;aperture&quot;:&quot;0&quot;,&quot;credit&quot;:&quot;&quot;,&quot;camera&quot;:&quot;&quot;,&quot;caption&quot;:&quot;&quot;,&quot;created_timestamp&quot;:&quot;0&quot;,&quot;copyright&quot;:&quot;&quot;,&quot;focal_length&quot;:&quot;0&quot;,&quot;iso&quot;:&quot;0&quot;,&quot;shutter_speed&quot;:&quot;0&quot;,&quot;title&quot;:&quot;&quot;,&quot;orientation&quot;:&quot;0&quot;}\" data-image-title=\"Fotos del Taller de aerograf\u00eda 11\/09\/21\" data-image-description=\"\" data-image-caption=\"\" data-large-file=\"https:\/\/blog.ociomodell.com\/wordpress\/wp-content\/uploads\/2021\/09\/imagen_de_viber_2021-09-14_21-57-00-507.jpg\" class=\"alignnone size-medium wp-image-6594\" src=\"https:\/\/blog.ociomodell.com\/wordpress\/wp-content\/uploads\/2021\/09\/imagen_de_viber_2021-09-14_21-57-00-507-300x225.jpg\" alt=\"Fotos del Taller de aerograf\u00eda 11\/09\/21\" width=\"300\" height=\"225\" title=\"\" srcset=\"https:\/\/blog.ociomodell.com\/wordpress\/wp-content\/uploads\/2021\/09\/imagen_de_viber_2021-09-14_21-57-00-507-300x225.jpg 300w, https:\/\/blog.ociomodell.com\/wordpress\/wp-content\/uploads\/2021\/09\/imagen_de_viber_2021-09-14_21-57-00-507-768x576.jpg 768w, https:\/\/blog.ociomodell.com\/wordpress\/wp-content\/uploads\/2021\/09\/imagen_de_viber_2021-09-14_21-57-00-507-250x188.jpg 250w, https:\/\/blog.ociomodell.com\/wordpress\/wp-content\/uploads\/2021\/09\/imagen_de_viber_2021-09-14_21-57-00-507.jpg 800w\" sizes=\"auto, (max-width: 300px) 100vw, 300px\" \/> <img loading=\"lazy\" decoding=\"async\" data-attachment-id=\"6591\" data-permalink=\"https:\/\/blog.ociomodell.com\/wordpress\/fotos-del-taller-de-aerografia-11-09-21\/img_20210911_104947_burst1\/\" data-orig-file=\"https:\/\/blog.ociomodell.com\/wordpress\/wp-content\/uploads\/2021\/09\/IMG_20210911_104947_BURST1-scaled.jpg\" data-orig-size=\"2560,1920\" data-comments-opened=\"1\" data-image-meta=\"{&quot;aperture&quot;:&quot;1.8&quot;,&quot;credit&quot;:&quot;&quot;,&quot;camera&quot;:&quot;Redmi Note 7&quot;,&quot;caption&quot;:&quot;&quot;,&quot;created_timestamp&quot;:&quot;1631357386&quot;,&quot;copyright&quot;:&quot;&quot;,&quot;focal_length&quot;:&quot;4.74&quot;,&quot;iso&quot;:&quot;160&quot;,&quot;shutter_speed&quot;:&quot;0.01&quot;,&quot;title&quot;:&quot;&quot;,&quot;orientation&quot;:&quot;1&quot;}\" data-image-title=\"Fotos del Taller de aerograf\u00eda 11\/09\/21\" data-image-description=\"\" data-image-caption=\"\" data-large-file=\"https:\/\/blog.ociomodell.com\/wordpress\/wp-content\/uploads\/2021\/09\/IMG_20210911_104947_BURST1-1024x768.jpg\" class=\"alignnone size-medium wp-image-6591\" src=\"https:\/\/blog.ociomodell.com\/wordpress\/wp-content\/uploads\/2021\/09\/IMG_20210911_104947_BURST1-300x225.jpg\" alt=\"Fotos del Taller de aerograf\u00eda 11\/09\/21\" width=\"300\" height=\"225\" title=\"\" srcset=\"https:\/\/blog.ociomodell.com\/wordpress\/wp-content\/uploads\/2021\/09\/IMG_20210911_104947_BURST1-300x225.jpg 300w, https:\/\/blog.ociomodell.com\/wordpress\/wp-content\/uploads\/2021\/09\/IMG_20210911_104947_BURST1-1024x768.jpg 1024w, https:\/\/blog.ociomodell.com\/wordpress\/wp-content\/uploads\/2021\/09\/IMG_20210911_104947_BURST1-768x576.jpg 768w, https:\/\/blog.ociomodell.com\/wordpress\/wp-content\/uploads\/2021\/09\/IMG_20210911_104947_BURST1-1536x1152.jpg 1536w, https:\/\/blog.ociomodell.com\/wordpress\/wp-content\/uploads\/2021\/09\/IMG_20210911_104947_BURST1-2048x1536.jpg 2048w, https:\/\/blog.ociomodell.com\/wordpress\/wp-content\/uploads\/2021\/09\/IMG_20210911_104947_BURST1-250x188.jpg 250w\" sizes=\"auto, (max-width: 300px) 100vw, 300px\" \/><\/p>\n","protected":false},"excerpt":{"rendered":"","protected":false},"author":2,"featured_media":0,"parent":6712,"menu_order":0,"comment_status":"closed","ping_status":"closed","template":"","meta":{"jetpack_post_was_ever_published":false,"footnotes":"","_links_to":"","_links_to_target":""},"class_list":["post-6715","page","type-page","status-publish","hentry"],"jetpack_sharing_enabled":true,"jetpack_likes_enabled":true,"jetpack-related-posts":[{"id":6718,"url":"https:\/\/blog.ociomodell.com\/wordpress\/mis-casitas-de-munecas\/fotografias-de-actividades\/fotos-taller-18oct21\/","url_meta":{"origin":6715,"position":0},"title":"FOTOS TALLER 18OCT21","author":"Paco Gomez","date":"7 octubre, 2021","format":false,"excerpt":"","rel":"","context":"Entrada similar","block_context":{"text":"Entrada similar","link":""},"img":{"alt_text":"Fotos del Taller de aerograf\u00eda 18\/09\/21","src":"https:\/\/i0.wp.com\/blog.ociomodell.com\/wordpress\/wp-content\/uploads\/2021\/09\/IMG-20210918-WA0002-300x225.jpg?resize=350%2C200&ssl=1","width":350,"height":200},"classes":[]},{"id":3294,"url":"https:\/\/blog.ociomodell.com\/wordpress\/mis-casitas-de-munecas\/fotos-de-modelos\/","url_meta":{"origin":6715,"position":1},"title":"Fotos de modelos","author":"Paco Gomez","date":"7 junio, 2018","format":false,"excerpt":"Fotos de modelos realizados por clientes: AVIONES BARCOS CONSTRUCCIONES VEH\u00cdCULOS","rel":"","context":"En \u00abde\u00bb","block_context":{"text":"de","link":"https:\/\/blog.ociomodell.com\/wordpress\/tag\/de\/"},"img":{"alt_text":"","src":"","width":0,"height":0},"classes":[]},{"id":1157,"url":"https:\/\/blog.ociomodell.com\/wordpress\/mis-casitas-de-munecas\/mis-casitas\/","url_meta":{"origin":6715,"position":2},"title":"Mis casitas de mu\u00f1ecas..","author":"Paco Gomez","date":"29 marzo, 2017","format":false,"excerpt":"Las casas de mu\u00f1ecas crean la ilusi\u00f3n de la recreaci\u00f3n de un mundo de fantas\u00eda al alcance de nuestra mano. Nuestra casita es nuestra casa ideal en miniatura, nuestro sal\u00f3n de juegos que moldeamos y construimos a nuestro gusto. La gran variedad de complementos, marcas y soluciones crean un sinf\u00edn\u2026","rel":"","context":"En \u00abcasitas\u00bb","block_context":{"text":"casitas","link":"https:\/\/blog.ociomodell.com\/wordpress\/tag\/casitas\/"},"img":{"alt_text":"Casita de mu\u00f1ecas de Marimar - Ociomodell.com","src":"https:\/\/i0.wp.com\/blog.ociomodell.com\/wordpress\/wp-content\/uploads\/2017\/03\/Marimar_5-1024x760.jpeg?resize=350%2C200&ssl=1","width":350,"height":200,"srcset":"https:\/\/i0.wp.com\/blog.ociomodell.com\/wordpress\/wp-content\/uploads\/2017\/03\/Marimar_5-1024x760.jpeg?resize=350%2C200&ssl=1 1x, https:\/\/i0.wp.com\/blog.ociomodell.com\/wordpress\/wp-content\/uploads\/2017\/03\/Marimar_5-1024x760.jpeg?resize=525%2C300&ssl=1 1.5x, https:\/\/i0.wp.com\/blog.ociomodell.com\/wordpress\/wp-content\/uploads\/2017\/03\/Marimar_5-1024x760.jpeg?resize=700%2C400&ssl=1 2x, https:\/\/i0.wp.com\/blog.ociomodell.com\/wordpress\/wp-content\/uploads\/2017\/03\/Marimar_5-1024x760.jpeg?resize=1050%2C600&ssl=1 3x, https:\/\/i0.wp.com\/blog.ociomodell.com\/wordpress\/wp-content\/uploads\/2017\/03\/Marimar_5-1024x760.jpeg?resize=1400%2C800&ssl=1 4x"},"classes":[]},{"id":4225,"url":"https:\/\/blog.ociomodell.com\/wordpress\/mis-casitas-de-munecas\/fotos-de-modelos\/barcos\/acorazado-tirpiz-ricardo-yubero\/","url_meta":{"origin":6715,"position":3},"title":"Acorazado\u00a0Tirpiz","author":"Paco Gomez","date":"3 octubre, 2018","format":false,"excerpt":"Fotos del\u00a0\u00a0acorazado \"tirpiz\" a escala 1\/350. De la marina alemana de la WWII (Realizado por Ricardo Yubero) \u00a0","rel":"","context":"En \u00abautom\u00e1tico\u00bb","block_context":{"text":"autom\u00e1tico","link":"https:\/\/blog.ociomodell.com\/wordpress\/tag\/automatico\/"},"img":{"alt_text":"Fotograf\u00edas - Acorazado\u00a0Tirpiz","src":"https:\/\/i0.wp.com\/blog.ociomodell.com\/wordpress\/wp-content\/uploads\/2018\/10\/IMG-20180925-WA0006.jpg?resize=350%2C200&ssl=1","width":350,"height":200,"srcset":"https:\/\/i0.wp.com\/blog.ociomodell.com\/wordpress\/wp-content\/uploads\/2018\/10\/IMG-20180925-WA0006.jpg?resize=350%2C200&ssl=1 1x, https:\/\/i0.wp.com\/blog.ociomodell.com\/wordpress\/wp-content\/uploads\/2018\/10\/IMG-20180925-WA0006.jpg?resize=525%2C300&ssl=1 1.5x, https:\/\/i0.wp.com\/blog.ociomodell.com\/wordpress\/wp-content\/uploads\/2018\/10\/IMG-20180925-WA0006.jpg?resize=700%2C400&ssl=1 2x, https:\/\/i0.wp.com\/blog.ociomodell.com\/wordpress\/wp-content\/uploads\/2018\/10\/IMG-20180925-WA0006.jpg?resize=1050%2C600&ssl=1 3x, https:\/\/i0.wp.com\/blog.ociomodell.com\/wordpress\/wp-content\/uploads\/2018\/10\/IMG-20180925-WA0006.jpg?resize=1400%2C800&ssl=1 4x"},"classes":[]},{"id":3647,"url":"https:\/\/blog.ociomodell.com\/wordpress\/mis-casitas-de-munecas\/fotos-de-modelos\/barcos\/","url_meta":{"origin":6715,"position":4},"title":"Barcos","author":"Paco Gomez","date":"7 julio, 2018","format":false,"excerpt":"PORTAAVIONES","rel":"","context":"En \u00abbarcos\u00bb","block_context":{"text":"barcos","link":"https:\/\/blog.ociomodell.com\/wordpress\/tag\/barcos\/"},"img":{"alt_text":"","src":"","width":0,"height":0},"classes":[]},{"id":3661,"url":"https:\/\/blog.ociomodell.com\/wordpress\/mis-casitas-de-munecas\/fotos-de-modelos\/construcciones\/","url_meta":{"origin":6715,"position":5},"title":"Construcciones","author":"Paco Gomez","date":"7 julio, 2018","format":false,"excerpt":"UGEARS - CAJA FUERTE\u00a0","rel":"","context":"En \u00abconstrucciones\u00bb","block_context":{"text":"construcciones","link":"https:\/\/blog.ociomodell.com\/wordpress\/tag\/construcciones\/"},"img":{"alt_text":"","src":"","width":0,"height":0},"classes":[]}],"jetpack_shortlink":"https:\/\/wp.me\/P7mZwQ-1Kj","_links":{"self":[{"href":"https:\/\/blog.ociomodell.com\/wordpress\/wp-json\/wp\/v2\/pages\/6715","targetHints":{"allow":["GET"]}}],"collection":[{"href":"https:\/\/blog.ociomodell.com\/wordpress\/wp-json\/wp\/v2\/pages"}],"about":[{"href":"https:\/\/blog.ociomodell.com\/wordpress\/wp-json\/wp\/v2\/types\/page"}],"author":[{"embeddable":true,"href":"https:\/\/blog.ociomodell.com\/wordpress\/wp-json\/wp\/v2\/users\/2"}],"replies":[{"embeddable":true,"href":"https:\/\/blog.ociomodell.com\/wordpress\/wp-json\/wp\/v2\/comments?post=6715"}],"version-history":[{"count":0,"href":"https:\/\/blog.ociomodell.com\/wordpress\/wp-json\/wp\/v2\/pages\/6715\/revisions"}],"up":[{"embeddable":true,"href":"https:\/\/blog.ociomodell.com\/wordpress\/wp-json\/wp\/v2\/pages\/6712"}],"wp:attachment":[{"href":"https:\/\/blog.ociomodell.com\/wordpress\/wp-json\/wp\/v2\/media?parent=6715"}],"curies":[{"name":"wp","href":"https:\/\/api.w.org\/{rel}","templated":true}]}}